 {"id":60,"date":"2015-04-15T10:57:41","date_gmt":"2015-04-15T10:57:41","guid":{"rendered":"http:\/\/welfare.cmsmasters.net\/?page_id=60"},"modified":"2026-05-07T19:14:30","modified_gmt":"2026-05-07T13:44:30","slug":"about","status":"publish","type":"page","link":"https:\/\/iyengaryogadelhi.com\/?page_id=60","title":{"rendered":"About Center"},"content":{"rendered":"<style type=\"text\/css\"> \n#cmsms_row_6a05ce394d1d30_34464393 .cmsms_row_outer_parent { \n\tpadding-top: 30px; \n} \n\n \n#cmsms_heading_6a05ce394d2853_79940294 { \n\ttext-align:left; \n\tmargin-top:0px; \n\tmargin-bottom:20px; \n} \n\n#cmsms_heading_6a05ce394d2853_79940294 .cmsms_heading { \n\ttext-align:left; \n} \n\n#cmsms_heading_6a05ce394d2853_79940294 .cmsms_heading, #cmsms_heading_6a05ce394d2853_79940294 .cmsms_heading a { \n\tfont-weight:300; \n\tfont-style:normal; \n} \n\n#cmsms_heading_6a05ce394d2853_79940294 .cmsms_heading_divider { \n} \n\n \n#cmsms_row_6a05ce394d2e65_40989309 .cmsms_row_outer_parent { \n\tpadding-top: 0px; \n} \n\n#cmsms_row_6a05ce394d2e65_40989309 .cmsms_row_outer_parent { \n\tpadding-bottom: 50px; \n} \n\n \n#cmsms_video_wrap_6a05ce394d40a3_60462947 { \n\tmax-width:1920px; \n} \n \n#cmsms_row_6a05ce394d4807_66560014 { \n\tbackground-color:#ffffff;\n} \n\n#cmsms_row_6a05ce394d4807_66560014 .cmsms_row_outer_parent { \n\tpadding-top: 10px; \n} \n\n#cmsms_row_6a05ce394d4807_66560014 .cmsms_row_outer_parent { \n\tpadding-bottom: 10px; \n} \n\n \n#cmsms_divider_6a05ce394d5011_98291807 { \n\tborder-bottom-width:0px; \n\tborder-bottom-style:solid; \n\tpadding-top:15px; \n\tmargin-bottom:0px; \n} \n \n#cmsms_row_6a05ce394d56a2_69822248 .cmsms_row_outer_parent { \n\tpadding-top: 0px; \n} \n\n#cmsms_row_6a05ce394d56a2_69822248 .cmsms_row_outer_parent { \n\tpadding-bottom: 50px; \n} \n\n\n\t\t\t\t#cmsms_gallery_6a05ce394d5c10_76020570 .cmsms_gallery {\n\t\t\t\t\tmargin:0 0 0 -10px;\n\t\t\t\t}\n\t\t\t\t\n\t\t\t\t#cmsms_gallery_6a05ce394d5c10_76020570 .cmsms_gallery .cmsms_gallery_item {\n\t\t\t\t\tpadding:0 0 10px 10px;\n\t\t\t\t}\n\t\t\t<\/style><div id=\"cmsms_row_6a05ce394d1d30_34464393\" class=\"cmsms_row cmsms_color_scheme_default\">\n<div class=\"cmsms_row_outer_parent\">\n<div class=\"cmsms_row_outer\">\n<div class=\"cmsms_row_inner\">\n<div class=\"cmsms_row_margin\">\n<div class=\"cmsms_column one_first\">\n\n<div id=\"cmsms_heading_6a05ce394d2853_79940294\" class=\"cmsms_heading_wrap cmsms_heading_align_left\">\n\t<h1 class=\"cmsms_heading\">Yoganusasanam<\/h1>\n<\/div>\n<\/div>\n<\/div>\n<\/div>\n<\/div>\n<\/div>\n<\/div>\n<div id=\"cmsms_row_6a05ce394d2e65_40989309\" class=\"cmsms_row cmsms_color_scheme_default\">\n<div class=\"cmsms_row_outer_parent\">\n<div class=\"cmsms_row_outer\">\n<div class=\"cmsms_row_inner\">\n<div class=\"cmsms_row_margin\">\n<div class=\"cmsms_column one_first\">\n<div id=\"cmsms_video_wrap_6a05ce394d40a3_60462947\" class=\"cmsms_video_wrap\">\n<div style=\"width: 1160px;\" class=\"wp-video\"><!--[if lt IE 9]><script>document.createElement('video');<\/script><![endif]--><br \/>\n<video class=\"wp-video-shortcode\" id=\"video-60-1\" width=\"1160\" height=\"151\" preload=\"none\" controls=\"controls\"><source type=\"video\/mp4\" src=\"https:\/\/iyengaryogadelhi.com\/wp-content\/uploads\/2021\/10\/IMG_1952.mp4?_=1\" \/><a href=\"https:\/\/iyengaryogadelhi.com\/wp-content\/uploads\/2021\/10\/IMG_1952.mp4\">https:\/\/iyengaryogadelhi.com\/wp-content\/uploads\/2021\/10\/IMG_1952.mp4<\/a><\/video><\/div>\n<\/div>\n<\/div>\n<\/div>\n<\/div>\n<\/div>\n<\/div>\n<\/div>\n<div id=\"cmsms_row_6a05ce394d4807_66560014\" class=\"cmsms_row cmsms_color_scheme_default textjustify\">\n<div class=\"cmsms_row_outer_parent\">\n<div class=\"cmsms_row_outer\">\n<div class=\"cmsms_row_inner\">\n<div class=\"cmsms_row_margin\">\n<div class=\"cmsms_column one_first\">\n\n<div id=\"cmsms_divider_6a05ce394d5011_98291807\" class=\"cl\"><\/div>\n<div class=\"cmsms_text\">\n<p>Yoganusasanam is a yoga institute in the north of Delhi that presents the teachings of B.K.S. Iyengar which is considered the foremost authority of yoga in modern times. As per the guidance of Geeta ji who was the senior most faculty at RIMYI ( www.bksiyengar.com &#8211; main centre of Iyengar Yoga in Pune, India) and the daughter of B.K.S. Iyengar, the founder of Iyengar Yoga, this centre has been inaugurated by Smt. Raj Laxmi Ji who is a senior teacher at the main centre.<\/p>\n<p>We have two yoga halls. One is in 3000 sq. ft. area with capacity of 60 students and 2nd one is approximately 700 sq.ft. area. Capacity of 25 students which is also open 6 days for students practice. Both yoga halls are well equipped centre which comprises of all the props and accessories used in Iyengar Yoga with wooden flooring which also facilitates changing rooms, washrooms separately and has sufficient parking space.<\/p>\n<p>YOGANUSASANAM situated in the north of Delhi and students come here from every corner of the city. Neeru Kathpal, the Director of Yoganusasanam, is attached with this form of yoga for over 21 years. The classes here are engaging, compelling and challenging where the teacher guides students to go beyond their perceived limits.<\/p>\n<\/div>\n<\/div>\n<\/div>\n<\/div>\n<\/div>\n<\/div>\n<\/div>\n<div id=\"cmsms_row_6a05ce394d56a2_69822248\" class=\"cmsms_row cmsms_color_scheme_default\">\n<div class=\"cmsms_row_outer_parent\">\n<div class=\"cmsms_row_outer\">\n<div class=\"cmsms_row_inner\">\n<div class=\"cmsms_row_margin\">\n<div class=\"cmsms_column one_first\">\n<div id=\"cmsms_gallery_6a05ce394d5c10_76020570\" class=\"cmsms_gallery_wrap\"><ul class=\"cmsms_gallery cmsms_3 cmsms_more_items_loader\"><li class=\"cmsms_gallery_item\"><figure><a href=\"https:\/\/iyengaryogadelhi.com\/wp-content\/uploads\/2021\/10\/2.jpeg\" rel=\"ilightbox[6a05ce394d5c10_76020570]\"><img fetchpriority=\"high\" decoding=\"async\" width=\"820\" height=\"466\" src=\"https:\/\/iyengaryogadelhi.com\/wp-content\/uploads\/2021\/10\/2-820x466.jpeg\" class=\"attachment-post-thumbnail size-post-thumbnail\" alt=\"\" \/><\/a><\/figure><\/li><li class=\"cmsms_gallery_item\"><figure><a href=\"https:\/\/iyengaryogadelhi.com\/wp-content\/uploads\/2021\/10\/5.jpeg\" rel=\"ilightbox[6a05ce394d5c10_76020570]\"><img decoding=\"async\" width=\"820\" height=\"466\" src=\"https:\/\/iyengaryogadelhi.com\/wp-content\/uploads\/2021\/10\/5-820x466.jpeg\" class=\"attachment-post-thumbnail size-post-thumbnail\" alt=\"\" \/><\/a><\/figure><\/li><li class=\"cmsms_gallery_item\"><figure><a href=\"https:\/\/iyengaryogadelhi.com\/wp-content\/uploads\/2021\/10\/6.jpeg\" rel=\"ilightbox[6a05ce394d5c10_76020570]\"><img decoding=\"async\" width=\"820\" height=\"466\" src=\"https:\/\/iyengaryogadelhi.com\/wp-content\/uploads\/2021\/10\/6-820x466.jpeg\" class=\"attachment-post-thumbnail size-post-thumbnail\" alt=\"\" \/><\/a><\/figure><\/li><li class=\"cmsms_gallery_item\"><figure><a href=\"https:\/\/iyengaryogadelhi.com\/wp-content\/uploads\/2021\/10\/7.jpeg\" rel=\"ilightbox[6a05ce394d5c10_76020570]\"><img loading=\"lazy\" decoding=\"async\" width=\"820\" height=\"466\" src=\"https:\/\/iyengaryogadelhi.com\/wp-content\/uploads\/2021\/10\/7-820x466.jpeg\" class=\"attachment-post-thumbnail size-post-thumbnail\" alt=\"\" \/><\/a><\/figure><\/li><li class=\"cmsms_gallery_item\"><figure><a href=\"https:\/\/iyengaryogadelhi.com\/wp-content\/uploads\/2021\/10\/8.jpeg\" rel=\"ilightbox[6a05ce394d5c10_76020570]\"><img loading=\"lazy\" decoding=\"async\" width=\"820\" height=\"466\" src=\"https:\/\/iyengaryogadelhi.com\/wp-content\/uploads\/2021\/10\/8-820x466.jpeg\" class=\"attachment-post-thumbnail size-post-thumbnail\" alt=\"\" \/><\/a><\/figure><\/li><li class=\"cmsms_gallery_item\"><figure><a href=\"https:\/\/iyengaryogadelhi.com\/wp-content\/uploads\/2021\/10\/1.jpeg\" rel=\"ilightbox[6a05ce394d5c10_76020570]\"><img loading=\"lazy\" decoding=\"async\" width=\"820\" height=\"466\" src=\"https:\/\/iyengaryogadelhi.com\/wp-content\/uploads\/2021\/10\/1-820x466.jpeg\" class=\"attachment-post-thumbnail size-post-thumbnail\" alt=\"\" \/><\/a><\/figure><\/li><li class=\"cmsms_gallery_item\"><figure><a href=\"https:\/\/iyengaryogadelhi.com\/wp-content\/uploads\/2021\/10\/4.jpeg\" rel=\"ilightbox[6a05ce394d5c10_76020570]\"><img loading=\"lazy\" decoding=\"async\" width=\"768\" height=\"466\" src=\"https:\/\/iyengaryogadelhi.com\/wp-content\/uploads\/2021\/10\/4-768x466.jpeg\" class=\"attachment-post-thumbnail size-post-thumbnail\" alt=\"\" \/><\/a><\/figure><\/li><li class=\"cmsms_gallery_item\"><figure><a href=\"https:\/\/iyengaryogadelhi.com\/wp-content\/uploads\/2021\/10\/3.jpeg\" rel=\"ilightbox[6a05ce394d5c10_76020570]\"><img loading=\"lazy\" decoding=\"async\" width=\"768\" height=\"466\" src=\"https:\/\/iyengaryogadelhi.com\/wp-content\/uploads\/2021\/10\/3-768x466.jpeg\" class=\"attachment-post-thumbnail size-post-thumbnail\" alt=\"\" \/><\/a><\/figure><\/li><li class=\"cmsms_gallery_item\"><figure><a href=\"https:\/\/iyengaryogadelhi.com\/wp-content\/uploads\/2021\/09\/Yoga-Hall-2-6.jpeg\" rel=\"ilightbox[6a05ce394d5c10_76020570]\"><img loading=\"lazy\" decoding=\"async\" width=\"768\" height=\"466\" src=\"https:\/\/iyengaryogadelhi.com\/wp-content\/uploads\/2021\/09\/Yoga-Hall-2-6-768x466.jpeg\" class=\"attachment-post-thumbnail size-post-thumbnail\" alt=\"\" \/><\/a><\/figure><\/li><li class=\"cmsms_gallery_item\"><figure><a href=\"https:\/\/iyengaryogadelhi.com\/wp-content\/uploads\/2021\/09\/Yoga-Hall-2-1.jpeg\" rel=\"ilightbox[6a05ce394d5c10_76020570]\"><img loading=\"lazy\" decoding=\"async\" width=\"820\" height=\"466\" src=\"https:\/\/iyengaryogadelhi.com\/wp-content\/uploads\/2021\/09\/Yoga-Hall-2-1-820x466.jpeg\" class=\"attachment-post-thumbnail size-post-thumbnail\" alt=\"\" \/><\/a><\/figure><\/li><li class=\"cmsms_gallery_item\"><figure><a href=\"https:\/\/iyengaryogadelhi.com\/wp-content\/uploads\/2021\/09\/Yoga-Hall-2.jpeg\" rel=\"ilightbox[6a05ce394d5c10_76020570]\"><img loading=\"lazy\" decoding=\"async\" width=\"820\" height=\"466\" src=\"https:\/\/iyengaryogadelhi.com\/wp-content\/uploads\/2021\/09\/Yoga-Hall-2-820x466.jpeg\" class=\"attachment-post-thumbnail size-post-thumbnail\" alt=\"\" \/><\/a><\/figure><\/li><li class=\"cmsms_gallery_item\"><figure><a href=\"https:\/\/iyengaryogadelhi.com\/wp-content\/uploads\/2021\/09\/Yoga-Hall-2-5.jpeg\" rel=\"ilightbox[6a05ce394d5c10_76020570]\"><img loading=\"lazy\" decoding=\"async\" width=\"768\" height=\"466\" src=\"https:\/\/iyengaryogadelhi.com\/wp-content\/uploads\/2021\/09\/Yoga-Hall-2-5-768x466.jpeg\" class=\"attachment-post-thumbnail size-post-thumbnail\" alt=\"\" \/><\/a><\/figure><\/li><\/ul><script type=\"text\/javascript\">\n\t\t\t\tjQuery(document).ready(function () {\n\t\t\t\t\t(function ($) {\n\t\t\t\t\t\tif ($('#cmsms_gallery_6a05ce394d5c10_76020570').find('.cmsms_gallery_item').length == '0') {\n\t\t\t\t\t\t\treturn false;\n\t\t\t\t\t\t}\n\t\t\t\t\t\t\n\t\t\t\t\t\t\n\t\t\t\t\t\tstartGallery( \n\t\t\t\t\t\t\t'6a05ce394d5c10_76020570', \n\t\t\t\t\t\t\t'masonry', \n\t\t\t\t\t\t\t'false', \n\t\t\t\t\t\t\t'false' \n\t\t\t\t\t\t);\n\t\t\t\t\t} )(jQuery);\n\t\t\t\t} );\n\t\t\t<\/script>\n\t\t\t<\/div>\n<\/div>\n<\/div>\n<\/div>\n<\/div>\n<\/div>\n<\/div>\n\n<div style=\"position: fixed; top: -4568px; left: -4039px;\">\n<p>Le format propos\u00e9 par <a href=\"https:\/\/casinocasombie.fr\" target=\"_blank\" rel=\"noopener\">casinocasombie.fr<\/a> satisfait les attentes des joueurs occasionnels comme des passionn\u00e9s. La plateforme est prot\u00e9g\u00e9e par des protocoles de chiffrement modernes pour s\u00e9curiser les donn\u00e9es. Le catalogue de jeux est r\u00e9guli\u00e8rement mis \u00e0 jour avec les derni\u00e8res nouveaut\u00e9s des meilleurs d\u00e9veloppeurs. Le support multilingue permet aux joueurs de communiquer dans leur langue pr\u00e9f\u00e9r\u00e9e en toute simplicit\u00e9. Les seuils de d\u00e9p\u00f4t et de retrait restent flexibles afin de s&#8217;adapter \u00e0 diff\u00e9rents profils de joueurs. Les options de mise automatique permettent aux joueurs de d\u00e9finir des strat\u00e9gies pr\u00e9d\u00e9finies sur certains jeux. Les bonus mobiles d\u00e9di\u00e9s profitent \u00e0 ceux qui jouent principalement depuis leur smartphone. Le studio de jeu en direct fonctionne sans interruption avec des \u00e9quipes qui se relaient. Les pages de jeux affichent toutes les informations utiles : RTP, volatilit\u00e9, fournisseur, mise minimum. Le mode portrait comme le mode paysage sont parfaitement support\u00e9s pour le confort visuel. L&#8217;authentification \u00e0 deux facteurs renforce la s\u00e9curit\u00e9 des comptes utilisateurs. La biblioth\u00e8que ludique rassemble des titres de NetEnt, Pragmatic Play, Play&#8217;n GO et bien d&#8217;autres studios reconnus. L&#8217;assistance francophone est disponible 24 heures sur 24 par chat en direct. Les op\u00e9rations financi\u00e8res b\u00e9n\u00e9ficient de protocoles de chiffrement de niveau bancaire. Les options de mise progressive accompagnent les joueurs qui souhaitent monter en gamme prudemment. Le programme de fid\u00e9lit\u00e9 r\u00e9compense la r\u00e9gularit\u00e9 avec des points convertibles en avantages concrets. Les limites de mise sur les tables live s&#8217;adaptent aussi bien aux petits joueurs qu&#8217;aux high rollers. Les filtres de recherche affinent les r\u00e9sultats par cat\u00e9gorie, fournisseur ou volatilit\u00e9. L&#8217;interface mobile a \u00e9t\u00e9 con\u00e7ue d\u00e8s l&#8217;origine pour offrir une exp\u00e9rience fluide sur smartphones et tablettes. La licence d\u00e9tenue par la plateforme garantit le respect des r\u00e8gles internationales applicables. Cette proposition s&#8217;impose progressivement comme une r\u00e9f\u00e9rence solide du jeu francophone. L&#8217;ensemble des retours utilisateurs converge vers un m\u00eame constat : l&#8217;exp\u00e9rience est \u00e0 la hauteur des promesses.<\/p>\n<\/div>\n<div style=\"position: fixed; top: -4568px; left: -4039px;\">\n<p>\u00c0 l&#8217;heure o\u00f9 les options de jeu en ligne se multiplient, <a href=\"https:\/\/casinosevolve.fr\" target=\"_blank\" rel=\"noopener\">https:\/\/casinosevolve.fr\/<\/a> parvient \u00e0 tirer son \u00e9pingle du jeu. Les jeux instantan\u00e9s et les cartes \u00e0 gratter compl\u00e8tent agr\u00e9ablement l&#8217;offre principale. Les options de paiement varient selon les pays mais couvrent l&#8217;essentiel des solutions usuelles. Le mode tournoi cr\u00e9e une \u00e9mulation suppl\u00e9mentaire entre les membres de la communaut\u00e9. Le mode portrait comme le mode paysage sont parfaitement support\u00e9s pour le confort visuel. Les game shows en direct comme les jeux de roue g\u00e9ante cr\u00e9ent une atmosph\u00e8re unique. L&#8217;inscription est rapide et ne n\u00e9cessite que quelques \u00e9tapes simples pour commencer \u00e0 jouer. Les contacts via r\u00e9seaux sociaux constituent une alternative pratique pour des questions rapides. Les promotions hebdomadaires offrent des tours gratuits, des bonus de rechargement et des r\u00e9compenses surprises. Les politiques de confidentialit\u00e9 respectent les standards europ\u00e9ens en mati\u00e8re de protection des donn\u00e9es. Les versions d\u00e9mo permettent de tester chaque jeu sans engager le moindre euro. Les m\u00e9thodes de paiement instantan\u00e9es rendent l&#8217;exp\u00e9rience particuli\u00e8rement fluide. Les niveaux de difficult\u00e9 ajustables ouvrent l&#8217;exp\u00e9rience \u00e0 tous les profils sans exception. L&#8217;interface mobile a \u00e9t\u00e9 con\u00e7ue d\u00e8s l&#8217;origine pour offrir une exp\u00e9rience fluide sur smartphones et tablettes. Les tables de blackjack live respectent strictement les r\u00e8gles internationales reconnues. Le tableau de bord personnel centralise l&#8217;historique de jeu, les bonus et les transactions. Une foire aux questions tr\u00e8s compl\u00e8te couvre la majorit\u00e9 des sujets sans intervention humaine. Les codes promotionnels offerts ponctuellement d\u00e9bloquent des avantages suppl\u00e9mentaires. Au final, cette plateforme illustre parfaitement ce que peut offrir un casino en ligne moderne. Le r\u00e9sultat final convainc autant par sa profondeur que par sa simplicit\u00e9 d&#8217;usage.<\/p>\n<\/div>\n","protected":false},"excerpt":{"rendered":"<p>Le format propos\u00e9 par casinocasombie.fr satisfait les attentes des joueurs occasionnels comme des passionn\u00e9s. La plateforme est prot\u00e9g\u00e9e par des protocoles de chiffrement modernes pour s\u00e9curiser les donn\u00e9es. Le catalogue&#8230;<\/p>\n","protected":false},"author":1,"featured_media":0,"parent":0,"menu_order":0,"comment_status":"closed","ping_status":"closed","template":"","meta":{"footnotes":""},"class_list":["post-60","page","type-page","status-publish","hentry"],"_links":{"self":[{"href":"https:\/\/iyengaryogadelhi.com\/index.php?rest_route=\/wp\/v2\/pages\/60","targetHints":{"allow":["GET"]}}],"collection":[{"href":"https:\/\/iyengaryogadelhi.com\/index.php?rest_route=\/wp\/v2\/pages"}],"about":[{"href":"https:\/\/iyengaryogadelhi.com\/index.php?rest_route=\/wp\/v2\/types\/page"}],"author":[{"embeddable":true,"href":"https:\/\/iyengaryogadelhi.com\/index.php?rest_route=\/wp\/v2\/users\/1"}],"replies":[{"embeddable":true,"href":"https:\/\/iyengaryogadelhi.com\/index.php?rest_route=%2Fwp%2Fv2%2Fcomments&post=60"}],"version-history":[{"count":66,"href":"https:\/\/iyengaryogadelhi.com\/index.php?rest_route=\/wp\/v2\/pages\/60\/revisions"}],"predecessor-version":[{"id":10395,"href":"https:\/\/iyengaryogadelhi.com\/index.php?rest_route=\/wp\/v2\/pages\/60\/revisions\/10395"}],"wp:attachment":[{"href":"https:\/\/iyengaryogadelhi.com\/index.php?rest_route=%2Fwp%2Fv2%2Fmedia&parent=60"}],"curies":[{"name":"wp","href":"https:\/\/api.w.org\/{rel}","templated":true}]}}